nits digit of 75612912?
2
What is the ten millions digit of 34183479?
3
What is the hundred millions digit of 387846140?
3
What is the hundred millions digit of 368109380?
3
What is the tens digit of 70610451?
5
What is the ten millions digit of 14305760?
1
What is the hundred thousands digit of 2782934827?
9
What is the ten millions digit of 10017951?
1
What is the ten thousands digit of 48411282?
1
What is the hundreds digit of 332925566?
5
What is the units digit of 54496192?
2
What is the hundred thousands digit of 1193425990?
4
What is the tens digit of 3187305863?
6
What is the hundred thousands digit of 175579562?
5
What is the units digit of 46732698?
8
What is the hundred thousands digit of 51048744?
0
What is the hundreds digit of 423759281?
2
What is the millions digit of 17261085?
7
What is the billions digit of 4411624524?
4
What is the ten thousands digit of 596743353?
4
What is the units digit of 84091729?
9
What is the billions digit of 2051268307?
2
What is the hundreds digit of 69615389?
3
What is the thousands digit of 1613095?
3
What is the units digit of 719638433?
3
What is the units digit of 148260937?
7
What is the tens digit of 3110302567?
6
What is the ten thousands digit of 845219552?
1
What is the billions digit of 2054262848?
2
What is the millions digit of 151420165?
1
What is the tens digit of 2410386624?
2
What is the hundred millions digit of 407405777?
4
What is the hundred millions digit of 327508546?
3
What is the millions digit of 917838694?
7
What is the hundreds digit of 4495500?
5
What is the ten thousands digit of 155481781?
8
What is the thousands digit of 285840922?
0
What is the hundred thousands digit of 560445515?
4
What is the hundred millions digit of 362330118?
3
What is the tens digit of 15406222?
2
What is the units digit of 24999116?
6
What is the hundreds digit of 36326256?
2
What is the hundred millions digit of 404365868?
4
What is the hundred thousands digit of 83100446?
1
What is the thousands digit of 176750742?
0
What is the hundred thousands digit of 47595988?
5
What is the hundreds digit of 568104311?
3
What is the millions digit of 983745187?
3
What is the millions digit of 2628268525?
8
What is the hundred thousands digit of 467786927?
7
What is the units digit of 46628869?
9
What is the ten thousands digit of 11411282?
1
What is the tens digit of 6097358278?
7
What is the ten thousands digit of 2167365615?
6
What is the thousands digit of 54755434?
5
What is the thousands digit of 177730187?
0
What is the tens digit of 874329227?
2
What is the thousands digit of 967521530?
1
What is the units digit of 8271663?
3
What is the ten millions digit of 80792258?
8
What is the ten millions digit of 474512676?
7
What is the thousands digit of 71753699?
3
What is the hundred millions digit of 363546285?
3
What is the hundreds digit of 559613810?
8
What is the millions digit of 121814228?
1
What is the units digit of 70025639?
9
What is the ten millions digit of 73147521?
7
What is the hundred thousands digit of 155567197?
5
What is the millions digit of 834749187?
4
What is the thousands digit of 2382090?
2
What is the thousands digit of 275725862?
5
What is the hundred thousands digit of 1733348120?
3
What is the millions digit of 62707692?
2
What is the hundred millions digit of 1781892352?
7
What is the hundreds digit of 859353386?
3
What is the thousands digit of 74042167?
2
What is the hundreds digit of 1418307609?
6
What is the millions digit of 89426098?
9
What is the ten thousands digit of 106030081?
3
What is the millions digit of 349520587?
9
What is the millions digit of 6360817?
6
What is the ten millions digit of 62212711?
6
What is the hundreds digit of 1148684546?
5
What is the ten thousands digit of 37708756?
0
What is the units digit of 3350050432?
2
What is the hundred millions digit of 576415395?
5
What is the ten thousands digit of 81208468?
0
What is the ten thousands digit of 1898205299?
0
What is the hundred thousands digit of 33809031?
8
What is the units digit of 497795231?
1
What is the hundred thousands digit of 1454848056?
8
What is the thousands digit of 2119819039?
9
What is the millions digit of 867336455?
7
What is the hundred thousands digit of 12299334?
2
What is the thousands digit of 4103202905?
2
What is the ten millions digit of 669571191?
6
What is the hundred thousands digit of 429179799?
1
What is the units digit of 53989556?
6
What is the millions digit of 98633598?
8
What is the units digit of 56931526?
6
What is the hundred thousands digit of 4066589400?
5
What is the hundred millions digit of 134248378?
1
What is the ten millions digit of 759037310?
5
What is the millions digit of 327478479?
7
What is the units digit of 35584608?
8
What is the hundred thousands digit of 4107532998?
5
What is the ten thousands digit of 201460221?
6
What is the hundreds digit of 45558903?
9
What is the ten thousands digit of 53308117?
0
What is the hundred millions digit of 571302849?
5
What is the tens digit of 731068569?
6
What is the thousands digit of 127886538?
6
What is the hundreds digit of 96270258?
2
What is the ten millions digit of 778529663?
7
What is the hundred thousands digit of 1009121914?
1
What is the tens digit of 32043675?
7
What is the units digit of 334563244?
4
What is the units digit of 340398501?
1
What is the hundreds digit of 1233417156?
1
What is the hundred thousands digit of 71631928?
6
What is the ten millions digit of 352173213?
5
What is the ten millions digit of 673450483?
7
What is the ten thousands digit of 46244151?
4
What is the ten millions digit of 78679038?
7
What is the ten thousands digit of 31927966?
2
What is the hundreds digit of 2477260264?
2
What is the millions digit of 6741481?
6
What is the hundred thousands digit of 1089612772?
6
What is the ten thousands digit of 5341920221?
2
What is the hundreds digit of 5042507?
5
What is the ten millions digit of 100919433?
0
What is the thousands digit of 1852149840?
9
What is the tens digit of 208824041?
4
What is the hundred millions digit of 1065331883?
0
What is the hundreds digit of 285497203?
2
What is the ten millions digit of 281188560?
8
What is the ten millions digit of 634420758?
3
What is the units digit of 1951307350?
0
What is the hundreds digit of 38039256?
2
What is the hundred thousands digit of 4586382651?
3
What is the tens digit of 691479838?
3
What is the hundreds digit of 44673464?
4
What is the ten thousands digit of 155565176?
6
What is the hundreds digit of 247703587?
5
What is the millions digit of 696757051?
6
What is the hundred thousands digit of 831615797?
6
What is the units digit of 660097554?
4
What is the ten thousands digit of 41261152?
6
What is the hundreds digit of 6999597841?
8
What is the millions digit of 22958945?
2
What is the hundreds digit of 3294149834?
8
What is the millions digit of 33621236?
3
What is the millions digit of 1722530046?
2
What is the tens digit of 272176617?
1
What is the hundreds digit of 19816845?
8
What is the ten millions digit of 98323406?
9
What is the millions digit of 1150925798?
0
What is the hundred thousands digit of 59523980?
5
What is the ten thousands digit of 759402858?
0
What is the units digit of 50980738?
8
What is the hundred millions digit of 128069640?
1
What is the millions digit of 94995426?
4
What is the hundred thousands digit of 46221320?
2
What is the units digit of 152244675?
5
What is the billions digit of 1191925124?
1
What is the tens digit of 220928547?
4
What is the tens digit of 6255860?
6
What is the tens digit of 611646806?
0
What is the hundred thousands digit of 1022200087?
2
What is the ten thousands digit of 133926634?
2
What is the hundreds digit of 1390135416?
4
What is the hundreds digit of 126104126?
1
What is the ten millions digit of 25285199?
2
What is the hundred millions digit of 172095689?
1
What is the tens digit of 506910221?
2
What is the tens digit of 1336472288?
8
What is the ten millions digit of 4419233181?
1
What is the billions digit of 2257312098?
2
What is the hundred millions digit of 6169154995?
1
What is the tens digit of 358109525?
2
What is the millions digit of 137819163?
7
What is the ten thousands digit of 1537504049?
0
What is the thousan